{"id":6278,"date":"2019-05-13T12:59:06","date_gmt":"2019-05-13T12:59:06","guid":{"rendered":"https:\/\/inspecagro.com\/"},"modified":"2026-01-08T02:59:20","modified_gmt":"2026-01-08T02:59:20","slug":"home","status":"publish","type":"page","link":"https:\/\/inspecagro.com\/","title":{"rendered":"Home 1"},"content":{"rendered":"[vc_row][vc_column]<div class='cws_textmodule cws_vc_shortcode_module' id='cws_textmodule_69df3bf930792'><div class='cws_textmodule_wrapper icon_pos_under'><div class='cws_textmodule_text text_align_center'><div class='cws_textmodule_titles'><div class='cws_textmodule_aside'><h3 class='cws_textmodule_title'><span>\u00a1Bienvenidos al sitio oficial de INSPECAGRO S.A.!<\/span><\/h3><\/div><span class=\"cws_textmodule_icon_wrapper\"><img  src='https:\/\/inspecagro.com\/wp-content\/uploads\/2019\/03\/headind-divider-full_00a200150_5509.png' data-no-retina alt \/><\/span><\/div><div class='cws_textmodule_content'><div class='text_content_wrapper'><p>Brindamos servicios en \u00e1reas relacionadas con el sector agropecuario ecuatoriano.<\/p>\n<\/div><\/div><\/div><\/div><\/div><div class=\"cws_spacing\"><div class=\"cws_spacing cws_spacing_default\" style=\"height:32px;\"><\/div><\/div><div class='sc_button_wrapper align-center mobile-align-center'><div id='cws_vc_shortcode_button_69df3bf931698' class='cws_custom_button_wrapper cws_sc_button regular default'><span><a href='https:\/\/inspecagro.com\/index.php\/nosotros\/' class='cws_custom_button'>Acerca de Nosotros<span><\/span><i class='flaticon-arrow-pointing-to-right ml-10'><\/i><\/a><\/span><\/div><\/div>[vc_single_image image=&#8221;5523&#8243; img_size=&#8221;full&#8221; alignment=&#8221;center&#8221; css=&#8221;.vc_custom_1557752823391{margin-top: 2px !important;}&#8221;]<div class=\"cws_spacing cws_spacing_size_sm_desctop-on cws_spacing_tablet-on cws_spacing_mobile-on\"><div class=\"cws_spacing cws_spacing_default\" style=\"height:84px;\"><\/div> <div class=\"cws_spacing cws_spacing_size_sm_desctop\" style=\"height:84px;\"><\/div> <div class=\"cws_spacing cws_spacing_tablet\" style=\"height:60px;\"><\/div> <div class=\"cws_spacing cws_spacing_mobile\" style=\"height:60px;\"><\/div><\/div>[\/vc_column][\/vc_row][vc_row full_width=&#8221;stretch_row&#8221; bg_cws_repeat=&#8221;no-repeat&#8221; bg_cws_size=&#8221;cover&#8221; bg_image_position=&#8221;center_center&#8221; crop=&#8221;1&#8243; css=&#8221;.vc_custom_1553596067243{background: #f4f7e8 url(https:\/\/inspecagro.com\/wp-content\/uploads\/2019\/03\/bg-crop-home-1-1.jpg?id=5527) !important;}&#8221;][vc_column]<div class=\"cws_spacing cws_spacing_size_sm_desctop-on cws_spacing_tablet-on cws_spacing_mobile-on\"><div class=\"cws_spacing cws_spacing_default\" style=\"height:112px;\"><\/div> <div class=\"cws_spacing cws_spacing_size_sm_desctop\" style=\"height:112px;\"><\/div> <div class=\"cws_spacing cws_spacing_tablet\" style=\"height:60px;\"><\/div> <div class=\"cws_spacing cws_spacing_mobile\" style=\"height:60px;\"><\/div><\/div>[vc_row_inner content_placement=&#8221;bottom&#8221;][vc_column_inner width=&#8221;1\/12&#8243; offset=&#8221;vc_hidden-sm vc_hidden-xs&#8221;]<div class='cws_vertical_heading_wrapper' id='cws_vertical_heading_69df3bf931793'><div class='cws_vertical_heading'><h5 class='cws_vertical_heading_title add_divider'>NUESTRA TRAYECTORIA<\/h5><\/div><\/div>[\/vc_column_inner][vc_column_inner width=&#8221;1\/3&#8243; offset=&#8221;vc_col-lg-offset-0 vc_col-lg-3 vc_col-md-offset-0 vc_col-md-3 vc_col-sm-offset-0 vc_col-xs-12&#8243;]<div id='cws_vc_shortcode_milestone_69df3bf9317f9' class='cws_vc_shortcode_milestone cws_vc_shortcode_module a-center icon_left'><div class='milestone_wrapper'><div class='cws_vc_shortcode_milestone_wrapper'><div class='cws_vc_shortcode_milestone_data'><div class='cws_milestone_number_wrapper'><div class='cws_vc_shortcode_milestone_units'>A\u00d1OS<\/div><div class='cws_vc_shortcode_milestone_number' data-speed='2000'>8<\/div><\/div><h3 class='cws_vc_shortcode_milestone_title'>Experiencia<\/h3><\/div><\/div><\/div><\/div><div class=\"cws_spacing\"><div class=\"cws_spacing cws_spacing_default\" style=\"height:38px;\"><\/div><\/div>[\/vc_column_inner][vc_column_inner width=&#8221;1\/3&#8243; offset=&#8221;vc_col-lg-offset-1 vc_col-lg-3 vc_col-md-offset-1 vc_col-md-3 vc_col-sm-offset-0 vc_col-xs-12&#8243;]<div id='cws_vc_shortcode_milestone_69df3bf931864' class='cws_vc_shortcode_milestone cws_vc_shortcode_module a-center icon_left'><div class='milestone_wrapper'><div class='cws_vc_shortcode_milestone_wrapper'><div class='cws_vc_shortcode_milestone_data'><div class='cws_milestone_number_wrapper'><div class='cws_vc_shortcode_milestone_units'>REALIZADOS<\/div><div class='cws_vc_shortcode_milestone_number' data-speed='2000'>1437<\/div><\/div><h3 class='cws_vc_shortcode_milestone_title'>Ensayos de Eficacia<\/h3><\/div><\/div><\/div><\/div><div class=\"cws_spacing\"><div class=\"cws_spacing cws_spacing_default\" style=\"height:38px;\"><\/div><\/div>[\/vc_column_inner][vc_column_inner width=&#8221;1\/3&#8243; offset=&#8221;vc_col-lg-offset-1 vc_col-lg-3 vc_col-md-offset-1 vc_col-md-3 vc_col-sm-offset-0 vc_col-xs-12&#8243;]<div id='cws_vc_shortcode_milestone_69df3bf9318c7' class='cws_vc_shortcode_milestone cws_vc_shortcode_module a-center icon_left'><div class='milestone_wrapper'><div class='cws_vc_shortcode_milestone_wrapper'><div class='cws_vc_shortcode_milestone_data'><div class='cws_milestone_number_wrapper'><div class='cws_vc_shortcode_milestone_units'>Cobertura en:<\/div><div class='cws_vc_shortcode_milestone_number' data-speed='2000'>13<\/div><\/div><h3 class='cws_vc_shortcode_milestone_title'>Provincias<\/h3><\/div><\/div><\/div><\/div><div class=\"cws_spacing\"><div class=\"cws_spacing cws_spacing_default\" style=\"height:38px;\"><\/div><\/div>[\/vc_column_inner][\/vc_row_inner]<div class=\"cws_spacing cws_spacing_size_sm_desctop-on cws_spacing_tablet-on cws_spacing_mobile-on\"><div class=\"cws_spacing cws_spacing_default\" style=\"height:84px;\"><\/div> <div class=\"cws_spacing cws_spacing_size_sm_desctop\" style=\"height:84px;\"><\/div> <div class=\"cws_spacing cws_spacing_tablet\" style=\"height:60px;\"><\/div> <div class=\"cws_spacing cws_spacing_mobile\" style=\"height:60px;\"><\/div><\/div>[\/vc_column][\/vc_row][vc_row full_width=&#8221;stretch_row&#8221; bg_cws_repeat=&#8221;no-repeat&#8221; bg_image_position=&#8221;center_bottom&#8221; crop=&#8221;1&#8243; crop_style=&#8221;style_5&#8243; css=&#8221;.vc_custom_1584194049467{margin-top: -81px !important;padding-top: 125px !important;padding-bottom: 63px !important;background: #96b74b url(https:\/\/inspecagro.com\/wp-content\/uploads\/2019\/05\/bg_green_01.jpg?id=6284) !important;}&#8221;][vc_column width=&#8221;1\/2&#8243;][vc_column_text][\/vc_column_text][\/vc_column][vc_column width=&#8221;1\/2&#8243;][\/vc_column][\/vc_row][vc_row][vc_column]<div class=\"cws_spacing cws_spacing_size_sm_desctop-on cws_spacing_tablet-on cws_spacing_mobile-on\"><div class=\"cws_spacing cws_spacing_default\" style=\"height:110px;\"><\/div> <div class=\"cws_spacing cws_spacing_size_sm_desctop\" style=\"height:110px;\"><\/div> <div class=\"cws_spacing cws_spacing_tablet\" style=\"height:60px;\"><\/div> <div class=\"cws_spacing cws_spacing_mobile\" style=\"height:60px;\"><\/div><\/div>[vc_row_inner][vc_column_inner width=&#8221;2\/3&#8243;]<div class='cws_textmodule cws_vc_shortcode_module' id='cws_textmodule_69df3bf931a28'><div class='cws_textmodule_wrapper icon_pos_beside'><div class='cws_textmodule_text text_align_center'><div class='cws_textmodule_titles'><div class='cws_textmodule_icon_wrapper'><div class='cws_textmodule_icon'><i class='flaticon-leaf-3'><\/i><\/div><\/div><div class='cws_textmodule_aside'><h2 class='cws_textmodule_title'><span>Misi\u00f3n:<\/span><\/h2><\/div><\/div><div class='cws_textmodule_content'><div class='text_content_wrapper'><p><span lang=\"DE\">INSPECAGRO S.A., es una empresa encargada de brindar servicios relacionados con el sector agropecuario de la manera m\u00e1s \u00e1gil, transparente, imparcial, eficiente y oportuna; con personal de alt\u00edsima especializaci\u00f3n, a trav\u00e9s de los cuales garantizamos un alto grado de cumplimiento en los requerimientos de nuestros clientes.<\/span><\/p>\n<\/div><\/div><\/div><\/div><\/div><div class=\"cws_spacing cws_spacing_size_sm_desctop-on cws_spacing_tablet-on cws_spacing_mobile-on\"><div class=\"cws_spacing cws_spacing_default\" style=\"height:100px;\"><\/div> <div class=\"cws_spacing cws_spacing_size_sm_desctop\" style=\"height:110px;\"><\/div> <div class=\"cws_spacing cws_spacing_tablet\" style=\"height:60px;\"><\/div> <div class=\"cws_spacing cws_spacing_mobile\" style=\"height:60px;\"><\/div><\/div><div class='cws_textmodule cws_vc_shortcode_module' id='cws_textmodule_69df3bf931b7c'><div class='cws_textmodule_wrapper icon_pos_beside'><div class='cws_textmodule_text text_align_center'><div class='cws_textmodule_titles'><div class='cws_textmodule_icon_wrapper'><div class='cws_textmodule_icon'><i class='flaticon-leaf-2'><\/i><\/div><\/div><div class='cws_textmodule_aside'><h2 class='cws_textmodule_title'><span>Visi\u00f3n:<\/span><\/h2><\/div><\/div><div class='cws_textmodule_content'><div class='text_content_wrapper'><p><span lang=\"DE\">Convertirnos en cinco a\u00f1os en una empresa l\u00edder para brindar servicios en el mercado agropecuario y expandir nuestras actividades hasta llegar a abarcar la mayor\u00eda de operaciones que se realizan en el sector con prontitud y calidad, cumpliendo con las normativas t\u00e9cnicas vigentes y los procesos de calidad establecidos.<\/span><\/p>\n<\/div><\/div><\/div><\/div><\/div><div class=\"cws_spacing cws_spacing_size_sm_desctop-on cws_spacing_tablet-on cws_spacing_mobile-on\"><div class=\"cws_spacing cws_spacing_default\" style=\"height:100px;\"><\/div> <div class=\"cws_spacing cws_spacing_size_sm_desctop\" style=\"height:110px;\"><\/div> <div class=\"cws_spacing cws_spacing_tablet\" style=\"height:60px;\"><\/div> <div class=\"cws_spacing cws_spacing_mobile\" style=\"height:60px;\"><\/div><\/div><div class='cws_textmodule cws_vc_shortcode_module' id='cws_textmodule_69df3bf931d02'><div class='cws_textmodule_wrapper icon_pos_beside'><div class='cws_textmodule_text text_align_center'><div class='cws_textmodule_titles'><div class='cws_textmodule_icon_wrapper'><div class='cws_textmodule_icon'><i class='flaticon-leaf'><\/i><\/div><\/div><div class='cws_textmodule_aside'><h2 class='cws_textmodule_title'><span>Compromiso Anti Corrupci\u00f3n:<\/span><\/h2><\/div><\/div><div class='cws_textmodule_content'><div class='text_content_wrapper'><p><span lang=\"DE\">INSPECAGRO S.A. mantiene una pol\u00edtica de CERO tolerancia a la corrupci\u00f3n, y ha establecido sanciones ejemplarizadoras en caso de que alg\u00fan funcionario caiga en alguna pr\u00e1ctica que fomente, sugiera o permita acciones de corrupci\u00f3n.<\/span><\/p>\n<\/div><\/div><\/div><\/div><\/div><div class=\"cws_spacing cws_spacing_size_sm_desctop-on cws_spacing_tablet-on cws_spacing_mobile-on\"><div class=\"cws_spacing cws_spacing_default\" style=\"height:100px;\"><\/div> <div class=\"cws_spacing cws_spacing_size_sm_desctop\" style=\"height:110px;\"><\/div> <div class=\"cws_spacing cws_spacing_tablet\" style=\"height:60px;\"><\/div> <div class=\"cws_spacing cws_spacing_mobile\" style=\"height:60px;\"><\/div><\/div><div class='cws_textmodule cws_vc_shortcode_module' id='cws_textmodule_69df3bf931e29'><div class='cws_textmodule_wrapper add_divider divider_style_underline icon_pos_above'><div class='cws_textmodule_text text_align_center'><div class='cws_textmodule_titles'><div class='cws_textmodule_aside'><h2 class='cws_textmodule_title'><span>Quejas y apelaciones:<\/span><\/h2><\/div><\/div><div class='cws_textmodule_content'><div class='text_content_wrapper'><p><span lang=\"DE\">Inspecagro mantiene en su manual de calidad, un procedimiento para el tratamiento de quejas y apelaciones a nuestras actividades, mismo que se encuentra disponible para todos nuestros clientes. <\/span>El manejo de apelaciones y reclamos presentados por clientes o partes terceras se define en un procedimiento espec\u00edfico\u00a0<b>7.5 Procedimiento de quejas y apelaciones<\/b>.<\/p>\n<\/div><\/div><\/div><\/div><\/div>[\/vc_column_inner][vc_column_inner width=&#8221;1\/3&#8243; inner_col_bg_repeat=&#8221;no-repeat&#8221; inner_col_bg_position=&#8221;right_top&#8221; css=&#8221;.vc_custom_1553602230215{margin-right: 0px !important;margin-left: -15px !important;padding-right: 0px !important;padding-left: 0px !important;background-image: url(https:\/\/inspecagro.com\/wp-content\/uploads\/2019\/03\/bg-piece-home-1-1.png?id=5532) !important;}&#8221; offset=&#8221;vc_col-lg-offset-1 vc_col-lg-3 vc_col-md-offset-1 vc_col-md-3 vc_col-xs-12&#8243;]<div class='cws_textmodule cws_vc_shortcode_module' id='cws_textmodule_69df3bf931f70'><div class='cws_textmodule_wrapper icon_pos_above'><div class='cws_textmodule_text text_align_right'><div class='cws_textmodule_titles'><div class='cws_textmodule_aside'><h2 class='cws_textmodule_title'><span>Pol\u00edtica de imparcialidad:<\/span><\/h2><\/div><\/div><div class='cws_textmodule_content'><div class='text_content_wrapper'><p>INSPECAGRO S.A. ofrece sus servicios a todos los postulantes interesados, sin discriminaci\u00f3n alguna. Somos un organismo del tipo A, por lo cual mantiene la imparcialidad de sus actividades de inspecci\u00f3n realizando obligatoriamente an\u00e1lisis de todos los aspectos relacionados con su campo de acci\u00f3n, documentos:<\/p>\n<ul>\n<li><strong>4.1.3. Evaluaci\u00f3n de riesgos de imparcialidad.<\/strong><br \/>\n<strong>4.1.5 Declaraci\u00f3n de imparcialidad e independencia de la alta direcci\u00f3n Inspecagro.<\/strong><\/li>\n<\/ul>\n<\/div><\/div><\/div><\/div><\/div><div class=\"cws_spacing cws_spacing_size_sm_desctop-on cws_spacing_tablet-on cws_spacing_mobile-on\"><div class=\"cws_spacing cws_spacing_default\" style=\"height:75px;\"><\/div> <div class=\"cws_spacing cws_spacing_size_sm_desctop\" style=\"height:110px;\"><\/div> <div class=\"cws_spacing cws_spacing_tablet\" style=\"height:60px;\"><\/div> <div class=\"cws_spacing cws_spacing_mobile\" style=\"height:60px;\"><\/div><\/div><div class='cws_textmodule cws_vc_shortcode_module' id='cws_textmodule_69df3bf9320de'><div class='cws_textmodule_wrapper icon_pos_above'><div class='cws_textmodule_text text_align_right'><div class='cws_textmodule_titles'><div class='cws_textmodule_aside'><h2 class='cws_textmodule_title'><span>Ley Org\u00e1nica de protecci\u00f3n de datos personales<\/span><\/h2><\/div><\/div><div class='cws_textmodule_content'><div class='text_content_wrapper'><p>Inspecagro en cumplimiento de Ley Org\u00e1nica de Protecci\u00f3n de Datos Personales (LOPDP) de Ecuador, viene empleando medidas de seguridad para proteger la informaci\u00f3n de nuestros clientes contra p\u00e9rdida, alteraci\u00f3n o acceso no autorizado. Datos que son necesarios para cumplir con nuestra relaci\u00f3n comercial, personalizar servicios y cumplir con obligaciones legales, en concordancia tambi\u00e9n con la <strong>NORMA NTE INEN ISO\/IEC 17020<\/strong><\/p>\n<\/div><\/div><\/div><\/div><\/div><div class=\"cws_spacing cws_spacing_size_sm_desctop-on cws_spacing_tablet-on cws_spacing_mobile-on\"><div class=\"cws_spacing cws_spacing_default\" style=\"height:42px;\"><\/div> <div class=\"cws_spacing cws_spacing_size_sm_desctop\" style=\"height:42px;\"><\/div> <div class=\"cws_spacing cws_spacing_tablet\" style=\"height:20px;\"><\/div> <div class=\"cws_spacing cws_spacing_mobile\" style=\"height:20px;\"><\/div><\/div>[\/vc_column_inner][\/vc_row_inner][\/vc_column][\/vc_row][vc_row full_width=&#8221;stretch_row&#8221; bg_cws_repeat=&#8221;no-repeat&#8221; bg_cws_size=&#8221;cover&#8221; bg_image_position=&#8221;center_center&#8221; crop=&#8221;1&#8243; crop_style=&#8221;style_2&#8243;][vc_column width=&#8221;2\/3&#8243;]<div class=\"cws_spacing cws_spacing_size_sm_desctop-on cws_spacing_tablet-on cws_spacing_mobile-on\"><div class=\"cws_spacing cws_spacing_default\" style=\"height:100px;\"><\/div> <div class=\"cws_spacing cws_spacing_size_sm_desctop\" style=\"height:97px;\"><\/div> <div class=\"cws_spacing cws_spacing_tablet\" style=\"height:60px;\"><\/div> <div class=\"cws_spacing cws_spacing_mobile\" style=\"height:60px;\"><\/div><\/div>[\/vc_column][vc_column width=&#8221;1\/3&#8243; css=&#8221;.vc_custom_1584023075997{background-image: url(https:\/\/inspecagro.com\/wp-content\/uploads\/2019\/04\/leaf_bg_2.png?id=5705) !important;}&#8221;]<div class=\"cws_spacing cws_spacing_size_sm_desctop-on cws_spacing_tablet-on cws_spacing_mobile-on\"><div class=\"cws_spacing cws_spacing_default\" style=\"height:50px;\"><\/div> <div class=\"cws_spacing cws_spacing_size_sm_desctop\" style=\"height:110px;\"><\/div> <div class=\"cws_spacing cws_spacing_tablet\" style=\"height:60px;\"><\/div> <div class=\"cws_spacing cws_spacing_mobile\" style=\"height:60px;\"><\/div><\/div>[\/vc_column][\/vc_row][vc_row full_width=&#8221;stretch_row&#8221; bg_cws_repeat=&#8221;no-repeat&#8221; bg_image_position=&#8221;center_top&#8221; crop=&#8221;1&#8243; css=&#8221;.vc_custom_1557753880867{background: #f4f7e8 url(https:\/\/inspecagro.com\/wp-content\/uploads\/2019\/05\/Bg_together.jpg?id=6286) !important;}&#8221;][vc_column]<div class=\"cws_spacing cws_spacing_size_sm_desctop-on cws_spacing_tablet-on cws_spacing_mobile-on\"><div class=\"cws_spacing cws_spacing_default\" style=\"height:100px;\"><\/div> <div class=\"cws_spacing cws_spacing_size_sm_desctop\" style=\"height:162px;\"><\/div> <div class=\"cws_spacing cws_spacing_tablet\" style=\"height:100px;\"><\/div> <div class=\"cws_spacing cws_spacing_mobile\" style=\"height:70px;\"><\/div><\/div><div class='cws_textmodule cws_vc_shortcode_module' id='cws_textmodule_69df3bf932233'><div class='cws_textmodule_wrapper icon_pos_under'><div class='cws_textmodule_text text_align_center'><div class='cws_textmodule_titles'><div class='cws_textmodule_aside'><h1 class='cws_textmodule_title'><span><mark>Autorizaciones y Acreditaciones:<\/mark><\/span><\/h1><\/div><span class=\"cws_textmodule_icon_wrapper\"><img  src='https:\/\/inspecagro.com\/wp-content\/uploads\/2019\/03\/headind-divider-full_00a200150_5509.png' data-no-retina alt \/><\/span><\/div><div class='cws_textmodule_content'><div class='text_content_wrapper'><ul>\n<li style=\"text-align: left;\">Agencia de Regulaci\u00f3n y Control Fito y Zoosanitario; como organismo autorizado en el alcance de inspecci\u00f3n de ensayos de eficacia de plaguicidas y productos afines de uso agr\u00edcola y proximamente para inspecci\u00f3n post registro para almacenes de expendio de insumos agropecuarios.<\/li>\n<li style=\"text-align: left;\"><span lang=\"DE\">Servicio de Acreditaci\u00f3n ecuatoriano con la Norma NTE INEN-ISO\/IEC 17020:2013.<\/span><\/li>\n<\/ul>\n<\/div><\/div><\/div><\/div><\/div><div class=\"cws_spacing\"><div class=\"cws_spacing cws_spacing_default\" style=\"height:120px;\"><\/div><\/div>[\/vc_column][\/vc_row][vc_row full_width=&#8221;stretch_row&#8221; bg_cws_repeat=&#8221;no-repeat&#8221; bg_image_position=&#8221;center_bottom&#8221; crop=&#8221;1&#8243; crop_style=&#8221;style_4&#8243; css=&#8221;.vc_custom_1558355505858{margin-top: -81px !important;padding-top: 105px !important;padding-bottom: 63px !important;background: #7d9f3a url(https:\/\/inspecagro.com\/wp-content\/uploads\/2019\/05\/bg_green_02.jpg?id=6285) !important;}&#8221;][vc_column width=&#8221;1\/2&#8243;][vc_single_image image=&#8221;6750&#8243; img_size=&#8221;medium&#8221; alignment=&#8221;center&#8221; style=&#8221;vc_box_shadow_3d&#8221; onclick=&#8221;custom_link&#8221; img_link_target=&#8221;_blank&#8221; css=&#8221;.vc_custom_1584023603006{border-radius: 30px !important;}&#8221; link=&#8221;http:\/\/www.agrocalidad.gob.ec\/&#8221;][\/vc_column][vc_column width=&#8221;1\/2&#8243;][vc_single_image image=&#8221;6930&#8243; img_size=&#8221;medium&#8221; alignment=&#8221;center&#8221; style=&#8221;vc_box_shadow_3d&#8221; onclick=&#8221;custom_link&#8221; img_link_target=&#8221;_blank&#8221; css=&#8221;.vc_custom_1617759441305{border-radius: 30px !important;}&#8221; link=&#8221;https:\/\/www.acreditacion.gob.ec\/&#8221;][\/vc_column][\/vc_row]\n","protected":false},"excerpt":{"rendered":"<p>[vc_row][vc_column][vc_single_image image=&#8221;5523&#8243; img_size=&#8221;full&#8221; alignment=&#8221;center&#8221; css=&#8221;.vc_custom_1557752823391{margin-top: 2px !important;}&#8221;][\/vc_column][\/vc_row][vc_row full_width=&#8221;stretch_row&#8221; bg_cws_repeat=&#8221;no-repeat&#8221; bg_cws_size=&#8221;cover&#8221; bg_image_position=&#8221;center_center&#8221; crop=&#8221;1&#8243; css=&#8221;.vc_custom_1553596067243{background: #f4f7e8 url(https:\/\/inspecagro.com\/wp-content\/uploads\/2019\/03\/bg-crop-home-1-1.jpg?id=5527) !important;}&#8221;][vc_column][vc_row_inner content_placement=&#8221;bottom&#8221;][vc_column_inner width=&#8221;1\/12&#8243; offset=&#8221;vc_hidden-sm vc_hidden-xs&#8221;][\/vc_column_inner][vc_column_inner width=&#8221;1\/3&#8243; offset=&#8221;vc_col-lg-offset-0 vc_col-lg-3 vc_col-md-offset-0 vc_col-md-3 vc_col-sm-offset-0 vc_col-xs-12&#8243;][\/vc_column_inner][vc_column_inner width=&#8221;1\/3&#8243; offset=&#8221;vc_col-lg-offset-1 vc_col-lg-3 vc_col-md-offset-1 vc_col-md-3 vc_col-sm-offset-0 vc_col-xs-12&#8243;][\/vc_column_inner][vc_column_inner width=&#8221;1\/3&#8243; offset=&#8221;vc_col-lg-offset-1 vc_col-lg-3 vc_col-md-offset-1 vc_col-md-3 vc_col-sm-offset-0 vc_col-xs-12&#8243;][\/vc_column_inner][\/vc_row_inner][\/vc_column][\/vc_row][vc_row full_width=&#8221;stretch_row&#8221; bg_cws_repeat=&#8221;no-repeat&#8221; bg_image_position=&#8221;center_bottom&#8221; crop=&#8221;1&#8243; crop_style=&#8221;style_5&#8243; css=&#8221;.vc_custom_1584194049467{margin-top: -81px !important;padding-top: 125px !important;padding-bottom: 63px !important;background: #96b74b url(https:\/\/inspecagro.com\/wp-content\/uploads\/2019\/05\/bg_green_01.jpg?id=6284) !important;}&#8221;][vc_column width=&#8221;1\/2&#8243;][vc_column_text][\/vc_column_text][\/vc_column][vc_column width=&#8221;1\/2&#8243;][\/vc_column][\/vc_row][vc_row][vc_column][vc_row_inner][vc_column_inner width=&#8221;2\/3&#8243;][\/vc_column_inner][vc_column_inner width=&#8221;1\/3&#8243; inner_col_bg_repeat=&#8221;no-repeat&#8221; inner_col_bg_position=&#8221;right_top&#8221; css=&#8221;.vc_custom_1553602230215{margin-right: 0px !important;margin-left: -15px !important;padding-right: 0px !important;padding-left: 0px !important;background-image: url(https:\/\/inspecagro.com\/wp-content\/uploads\/2019\/03\/bg-piece-home-1-1.png?id=5532) !important;}&#8221; offset=&#8221;vc_col-lg-offset-1 vc_col-lg-3 vc_col-md-offset-1 vc_col-md-3 vc_col-xs-12&#8243;][\/vc_column_inner][\/vc_row_inner][\/vc_column][\/vc_row][vc_row full_width=&#8221;stretch_row&#8221; bg_cws_repeat=&#8221;no-repeat&#8221; bg_cws_size=&#8221;cover&#8221; bg_image_position=&#8221;center_center&#8221; crop=&#8221;1&#8243; crop_style=&#8221;style_2&#8243;][vc_column width=&#8221;2\/3&#8243;][\/vc_column][vc_column width=&#8221;1\/3&#8243; css=&#8221;.vc_custom_1584023075997{background-image: url(https:\/\/inspecagro.com\/wp-content\/uploads\/2019\/04\/leaf_bg_2.png?id=5705) !important;}&#8221;][\/vc_column][\/vc_row][vc_row full_width=&#8221;stretch_row&#8221; bg_cws_repeat=&#8221;no-repeat&#8221; bg_image_position=&#8221;center_top&#8221; crop=&#8221;1&#8243; css=&#8221;.vc_custom_1557753880867{background: #f4f7e8 url(https:\/\/inspecagro.com\/wp-content\/uploads\/2019\/05\/Bg_together.jpg?id=6286) !important;}&#8221;][vc_column][\/vc_column][\/vc_row][vc_row full_width=&#8221;stretch_row&#8221; bg_cws_repeat=&#8221;no-repeat&#8221; bg_image_position=&#8221;center_bottom&#8221; crop=&#8221;1&#8243; crop_style=&#8221;style_4&#8243; css=&#8221;.vc_custom_1558355505858{margin-top: -81px !important;padding-top: 105px !important;padding-bottom: 63px !important;background: #7d9f3a url(https:\/\/inspecagro.com\/wp-content\/uploads\/2019\/05\/bg_green_02.jpg?id=6285) !important;}&#8221;][vc_column width=&#8221;1\/2&#8243;][vc_single_image image=&#8221;6750&#8243; img_size=&#8221;medium&#8221; alignment=&#8221;center&#8221; style=&#8221;vc_box_shadow_3d&#8221; onclick=&#8221;custom_link&#8221; img_link_target=&#8221;_blank&#8221; css=&#8221;.vc_custom_1584023603006{border-radius: 30px !important;}&#8221; link=&#8221;http:\/\/www.agrocalidad.gob.ec\/&#8221;][\/vc_column][vc_column width=&#8221;1\/2&#8243;][vc_single_image image=&#8221;6930&#8243; img_size=&#8221;medium&#8221; alignment=&#8221;center&#8221; style=&#8221;vc_box_shadow_3d&#8221; onclick=&#8221;custom_link&#8221; img_link_target=&#8221;_blank&#8221; css=&#8221;.vc_custom_1617759441305{border-radius: 30px !important;}&#8221; link=&#8221;https:\/\/www.acreditacion.gob.ec\/&#8221;][\/vc_column][\/vc_row]<\/p>\n","protected":false},"author":1,"featured_media":0,"parent":0,"menu_order":0,"comment_status":"closed","ping_status":"closed","template":"","meta":{"footnotes":""},"class_list":["post-6278","page","type-page","status-publish","hentry"],"_links":{"self":[{"href":"https:\/\/inspecagro.com\/index.php\/wp-json\/wp\/v2\/pages\/6278","targetHints":{"allow":["GET"]}}],"collection":[{"href":"https:\/\/inspecagro.com\/index.php\/wp-json\/wp\/v2\/pages"}],"about":[{"href":"https:\/\/inspecagro.com\/index.php\/wp-json\/wp\/v2\/types\/page"}],"author":[{"embeddable":true,"href":"https:\/\/inspecagro.com\/index.php\/wp-json\/wp\/v2\/users\/1"}],"replies":[{"embeddable":true,"href":"https:\/\/inspecagro.com\/index.php\/wp-json\/wp\/v2\/comments?post=6278"}],"version-history":[{"count":88,"href":"https:\/\/inspecagro.com\/index.php\/wp-json\/wp\/v2\/pages\/6278\/revisions"}],"predecessor-version":[{"id":6964,"href":"https:\/\/inspecagro.com\/index.php\/wp-json\/wp\/v2\/pages\/6278\/revisions\/6964"}],"wp:attachment":[{"href":"https:\/\/inspecagro.com\/index.php\/wp-json\/wp\/v2\/media?parent=6278"}],"curies":[{"name":"wp","href":"https:\/\/api.w.org\/{rel}","templated":true}]}}